, 3, 17
Let v(g) = -646*g - 6. List the prime factors of v(-1).
2, 5
Suppose 5*z - 8 + 2 = -2*a, 0 = -3*a + z - 8. Let r be (-2 + 1/(-2))*a. Suppose -19 = -k - r. What are the prime factors of k?
2, 7
Let a(i) = 166*i**2 - 4*i + 21*i**2 + 6 - 2. List the prime factors of a(1).
11, 17
Suppose -5*c - 9 = 46. Let h = c + 12. Let d = 20 + h. List the prime factors of d.
3, 7
Let l = -1019 + 710. Let c be 274/(-30) - ((-12)/45)/2. What are the prime factors of (-4)/12 + l/c?
2, 17
Suppose -g - 10 + 31 = -k, 5*g + 5*k = 105. List the prime factors of g.
3, 7
Let n(b) = 155*b + 23. What are the prime factors of n(2)?
3, 37
Suppose g + 87 = -89. Let h = -88 - g. List the prime factors of h.
2, 11
List the prime factors of -2 - (-7 - (-5 - 9) - 2142).
3, 79
Suppose -p - 19 = -177. Let b = p - 111. Suppose -b = -3*s + 67. What are the prime factors of s?
2, 19
Let q(k) = 13*k + 4689. List the prime factors of q(0).
3, 521
Let b(l) = 28*l**3 - 2*l**2 - 4. What are the prime factors of b(2)?
2, 53
Suppose 4*n = d - 142, -n - n - 466 = -3*d. List the prime factors of d.
2, 79
Let a(w) = -w**3 - 2*w**2 + 5*w + 12. Suppose 0 = 11*b - 14*b - 12. What are the prime factors of a(b)?
2, 3
Let u(h) = -h**3 - h**2 - h. Let c(p) be the first derivative of -p**4/4 + p**3 - p**2 + 2*p + 3. Let d(a) = -c(a) - u(a). List the prime factors of d(2).
2, 3
Let k = -837 - -1223. Suppose 0 = 3*h + 5*m - k, -3*m = -0*h + 4*h - 522. List the prime factors of h.
2, 3, 11
Let q(n) = -2*n - 30. List the prime factors of q(-16).
2
Suppose 2 = y, 5*g = -5*y + 2*y + 46. Suppose -p + 5*o + 127 = 0, 4*o - 12 - g = 0. What are the prime factors of p?
2, 19
Suppose 5*m = 4*i + 208, 5*i + 6*m = 3*m - 260. Let x = i + 96. List the prime factors of x.
2, 11
Let w be 2/(0 + 2/3). Suppose -w*g - 9 + 42 = 0. Suppose 4*i - 25 = g. List the prime factors of i.
3
Let k(y) be the second derivative of y**4/3 - 5*y**3/2 - 7*y**2/2 + 11*y. What are the prime factors of k(8)?
3, 43
Let s(d) = 745*d - 3 + 0 - 573*d. List the prime factors of s(1).
13
Let d(q) = -q**3 - 4*q**2 - 2*q + 3. List the prime factors of d(-9).
2, 3, 71
Let d(r) = -r**3 - 3*r**2 + 3*r - 2. Let f be d(-4). Suppose f*c - 6 = -c. List the prime factors of (c - (-39)/3) + -1.
2, 7
Let m(w) = 101*w**2 - 21*w + 112. List the prime factors of m(5).
2, 3, 211
Let c(i) = 1059*i - 260. List the prime factors of c(6).
2, 11, 277
Let r(t) = 5*t**2 + 22*t - 17. List the prime factors of r(-8).
127
Suppose -i - 3*b + 1899 = 0, 3*i - 3*b = 6*i - 5697. What are the prime factors of i?
3, 211
Let l be (3 - 3)/(-1 - -3). Suppose -6*x + 147 = 57. Suppose l = x*i - 13*i - 74. List the prime factors of i.
37
Let m(k) = k**3 + 24*k**2 + k + 22. Let z be m(-24). List the prime factors of (-1 + z)*((-332)/6 - -4).
2, 7, 11
Let d = -7 + 12. Suppose 2*c + 7*u + 27 = 4*u, 36 = -c + 3*u. Let j = d - c. List the prime factors of j.
2, 13
Suppose 2*v - 4 = 24. Suppose -j + v = j. Let f(p) = 3*p + 10. What are the prime factors of f(j)?
31
Let u(d) = 9 + 10 + 73*d - 81*d. What are the prime factors of u(-8)?
83
Suppose -2*w - 90 = 3*w. Let l = -3 - w. Let s = l - -41. What are the prime factors of s?
2, 7
Let b(d) = 13*d + 39. Let v be b(-3). Let g be -4*(0 + (-3)/6). Suppose g*i - 5*x = i + 3, -x + 4 = v. What are the prime factors of i?
23
Let c(x) = 4*x + 17. Let q be c(-8). Let p(k) be the second derivative of -k**3/6 - 9*k**2/2 - 6*k. What are the prime factors of p(q)?
2, 3
Let h(x) = 3*x**2 - 7*x - 2. Let n be h(2). What are the prime factors of (-18)/(-72) - 771/n?
193
Let p be (-2)/(-7) + 368*(-8)/112. Suppose 0 = v - 6*v + 295. Let y = p + v. What are the prime factors of y?
3, 11
Suppose 47*o - 6200 = 9733. List the prime factors of o.
3, 113
Let g(c) be the third derivative of c**6/24 - c**5/30 + c**4/24 - c**3/6 - 4*c**2. Let b = -27 + 29. What are the prime factors of g(b)?
3, 11
Let q be ((-4)/(-18) + 137/(-9))/(-1). Suppose q*n - 595 = -2*n. What are the prime factors of n?
5, 7
Let m(a) = 153*a - 43. List the prime factors of m(3).
2, 13
Let q(h) = 15*h**2 - 7. Let j(r) = r**2 - 21*r**2 + 13 - 14*r**2 + 3*r**2. Let v(m) = -3*j(m) - 5*q(m). List the prime factors of v(2).
2, 17
Let d(t) = 11*t + 11. Let n(c) = -c**2 - 1. Let v(w) = -d(w) + n(w). What are the prime factors of v(-7)?
2
Let z(o) = -o**3 + o**2 + o + 1. Let c = -3 + 4. Let j(h) = -4*h**3 + 8*h - 3. Let w(n) = c*j(n) - 3*z(n). List the prime factors of w(-5).
19
Let c = 3586 - 1789. List the prime factors of c.
3, 599
Suppose 2*l + 2322 = 4*r, 4*l = 3*r - 4*r + 603. List the prime factors of r.
11, 53
Suppose 0 = 4*p + 4*j - 32, -3*p + 5*j - 25 = -5*p. List the prime factors of (69/(-15))/((-1)/p) + -4.
19
Let o(x) = 6*x**3 + 6*x**2 + x + 1. Let d(g) = g**3 + g**2. Let l(a) = 5*d(a) - o(a). Let b be l(0). What are the prime factors of (-14 - 2)*(0 + b)?
2
What are the prime factors of (-14)/2 + (687 - 13)?
23, 29
Suppose 5*f - 2*s + 2 = 0, 0*f - 5*f + 3*s = 3. Let x(y) = -2*y + y - 2 + 5 - 1. List the prime factors of x(f).
2
Let a be 63/(-2)*(0 + (-2)/(-1)). Suppose 119 = -4*l + 2*s - 347, -5*s + 229 = -2*l. Let d = a - l. What are the prime factors of d?
2, 3
Let p(t) = t**2 - 5*t - 2. Let b be p(6). Let d be ((-16)/(-6))/(b/12). Let k = d - -27. What are the prime factors of k?
5, 7
Let m = -624 + 1054. List the prime factors of m.
2, 5, 43
Let v(k) = -2*k**2 + 11*k**2 - 10*k - 5*k**2 + 9. List the prime factors of v(7).
3, 5
Let y = 38 - -228. What are the prime factors of y?
2, 7, 19
Suppose 6 = 3*t - 132. Suppose m = -t - 106. List the prime factors of 10/65 + m/(-26).
2, 3
Suppose -11340 = -5*k + 5*x, 37*k - 4*x + 4542 = 39*k. List the prime factors of k.
2269
Let l(g) = -g**2 - 10*g + 24. Let t be l(-12). Suppose 7*y + 770 - 2009 = t. What are the prime factors of y?
3, 59
Let i(a) = -a**3 - 14*a**2 + 14*a + 2. Let c be i(-15). Suppose 0 = -0*v + 2*v + 8, v = 3*q + c. Let f(t) = t**2 + 4*t - 5. List the prime factors of f(q).
2
Suppose -7*r + 41 = 6. Let c = 165 - 107. Suppose -4*u + c = 2*t, -t = r*u - 60 + 19. List the prime factors of t.
3, 7
Let m(b) = b**2 + 6*b - 1. Let i be m(-6). List the prime factors of (113 - i)*18/27.
2, 19
Let f(l) = -25*l**3 - l**2 + l + 4. Let x be 12/(-24) + 6/(-4). What are the prime factors of f(x)?
2, 3, 11
Let t be 1*(47 + (2 - -2)). Suppose -4*o + 3*o + t = 0. List the prime factors of o.
3, 17
Suppose b = -p + 2695, -39*p = -34*p + 4*b - 13480. List the prime factors of p.
2, 3, 5
Let j(i) = 11*i - 4. Let a = 1 + 3. Let d(p) = -5*p + 2. Let c(g) = a*j(g) + 9*d(g). List the prime factors of c(-11).
13
Suppose 11*z - 25*z = -24346. What are the prime factors of z?
37, 47
Let m(c) = -c**3 + 6*c**2 + c + 2. Suppose 4 = 2*y - 6. What are the prime factors of m(y)?
2
Suppose 42257 + 33665 = 29*p. List the prime factors of p.
2, 7, 11, 17
Suppose 5*h - 5*p = 5850, 5*h - 3*p + 1114 - 6960 = 0. What are the prime factors of h?
2, 73
Let g(l) = -l**3 - 7*l**2 + 4. Let h be g(-7). What are the prime factors of (6040/100)/(h/10)?
151
Let p = -103 + 843. What are the prime factors of p?
2, 5, 37
Let r be ((-20)/8 - 0)*(-12)/10. Suppose 1 = -4*f + 5, -2*v = -r*f - 77. What are the prime factors of v?
2, 5
Let m(n) = -n**2 + 6*n - 5. Let f be (11 - 3)*(-2)/(-4). Let b be m(f). Suppose 0 = -5*z - 8*x + 5*x + 107, z = 4*x + b. List the prime factors of z.
19
Suppose -18*a + 21*a - 2*p = 2130, -2*a + 1420 = -p. What are the prime factors of a?
2, 5, 71
Suppose 2*y - 3*k - 142 = -29, -278 = -5*y + 3*k. Suppose -z + 135 = -y. What are the prime factors of z?
2, 5, 19
Suppose 0*k - 5*w = -3*k + 4, 2*k = 5*w + 1. Let j(n) = n**3 + n**2 + 2*n - 3. What are the prime factors of j(k)?
3, 13
Let i(q) = -q**3 + 8*q + 4. Let n be i(-3). Let w = n - -9. List the prime factors of w.
2
Suppose -17709 + 3141 = -24*g. List the prime factors of g.
607
Suppose 3*d = -2*o + 1, -4*o - 2 = 5*d - 1. Suppose j + 3*j - 60 = -3*i, -5*i = d*j - 45. What are the prime factors of j?
3, 5
Let x(u) = u**3 + 6*u**2 + 4*u + 1. Let c be -200*-6*(-2)/(-16). Let z be c/(-20)*2/3. What are the prime factors of x(z)?
2, 3
Let m(b) = 7*b - 2*b**2 + 5*b + b**2 - 1. Let q(a) = -a**2 - 28*a - 137. Let g be q(-21). List the prime factors of m(g).
19
Let c(d) be the third derivative of -